c) = -5*c - 19. Let s(b) = 6*b + 20. Let l(h) = f*k(h) - 3*s(h). Calculate the remainder when 17 is divided by l(-5).
5
Let s be (-14)/63 - (-5898)/54. Suppose -m - s = -6*m + 3*v, 2*m - 49 = 3*v. Calculate the remainder when 115 is divided by m.
15
Let z = 123 + -20. Let x = 228 - z. What is the remainder when x is divided by 18?
17
Let w(p) = 83*p**2 + 29*p - 2. Calculate the remainder when w(1) is divided by 12.
2
Let u(t) = -19*t + 206. What is the remainder when u(-20) is divided by 273?
40
Suppose 4*h - 1417 = p, -2*p + 336 = -2*h + 1052. What is the remainder when h is divided by 65?
28
Suppose -l + 13 = -4*r, -3 = 4*r + 3*l - 2*l. Calculate the remainder when ((180/(-50))/3)/(r/230) is divided by 48.
42
Suppose -3*n = q - 13, -q = -n + 2 + 5. Suppose -n*v + 30 = 5*c, -3*c + 0*c - 18 = -3*v. What is the remainder when 39 is divided by v?
3
Let m(k) = 108*k + 2469. Calculate the remainder when m(-14) is divided by 7.
5
Calculate the remainder when (-10 + 1635/10)*2 is divided by 26.
21
Let z be ((-28)/8 - -3) + 489/6. Suppose -2*c + z = -173. Calculate the remainder when c is divided by 28.
15
Calculate the remainder when (((-585)/(-12))/(-15)*452)/((-2)/2) is divided by 486.
11
Let t(a) = 379*a**2 + 14*a + 11. What is the remainder when t(3) is divided by 12?
8
Let g(b) = -6*b + 130. Let n be g(15). Suppose -210 = 5*a - n*a. Suppose -50 = -2*f + 8. Calculate the remainder when f is divided by a.
5
Suppose 117*y - 218*y + 20412 - 1929 = 0. Calculate the remainder when y is divided by 22.
7
Let l(q) = -q**2 - 31*q - 192. Let u be l(-12). Suppose -u*f - 4355 = -41*f. What is the remainder when f is divided by 46?
43
Let t(c) = 1459*c - 107. Let h be t(17). Calculate the remainder when (-4)/6*h/(-112) is divided by 30.
27
Suppose 0 = -j - 5*v - 10, 5*j - 4*v = j - 88. Let r be 8/j + (-36)/10. Calculate the remainder when (r - -2)*(-28)/4 is divided by 9.
5
Calculate the remainder when (-11)/(5 + -16) + 758 is divided by 201.
156
Suppose 172 + 989 = 27*v. Calculate the remainder when 163 is divided by v.
34
Let p(y) = -y**3 + 4*y**2 + 3*y + 1. Let j(i) be the third derivative of i**5/30 - 2*i**3/3 + i**2 - 25. What is the remainder when p(4) is divided by j(-2)?
1
Let i = 5996 - 3462. What is the remainder when i is divided by 15?
14
Let o = -21 - -26. Suppose -6 - 9 = -o*l. Let h = 250 - 235. Calculate the remainder when h is divided by l.
0
Let i = -31188 + 33853. What is the remainder when i is divided by 296?
1
Let j = -9948 + 10097. Calculate the remainder when j is divided by 58.
33
Let t = 53 + -93. Suppose 0 = m - 3, 56*l - 51 = 53*l + 4*m. Calculate the remainder when l is divided by ((-110)/t)/((-2)/(-8)).
10
Let y be 269/(-5) + (-414)/345. Let b = y - -74. What is the remainder when 169 is divided by b?
17
Let z be (28/(-28))/(1/(-1)). What is the remainder when 149 is divided by (-25)/((6 + -7)/z)?
24
Let c be ((-268)/7 + -5)/(3/(-21)). Suppose c + 295 = 13*j. Calculate the remainder when 90 is divided by j.
44
Let h(i) = i**3 + 5*i**2 + 8*i + 43. What is the remainder when 10543 is divided by h(-3)?
35
Let s be 3/(6/31) - (-3)/(-6). Suppose 3 = x + 2*d, -3*x - 3*d + 0*d + s = 0. Let w(a) = 3*a**2 - 5*a - 11. Calculate the remainder when w(4) is divided by x.
3
Let b be (4/3)/(4*2/24). Let w be 1586/13*2/b. Let t = w - 46. Calculate the remainder when 42 is divided by t.
12
Suppose 102*w = -3322 + 81862. Calculate the remainder when w is divided by 71.
60
Let t = 146 - 64. Suppose -3*n = -s + 5, 0 = 2*n - 5*s + 3*s + 10. Calculate the remainder when t is divided by (17*-2 - n)*24/(-48).
14
Suppose -b = -c + 326, 21*b - 17*b = -3*c + 971. Calculate the remainder when 1001 is divided by c.
26
Let s(g) = -9*g**2 - g + 1. Let u be s(-3). Let c = u - -110. Suppose 92*x = -17*x + 10246. Calculate the remainder when x is divided by c.
28
Let h = -13488 + 14933. What is the remainder when 2909 is divided by h?
19
Suppose -15*n + 11*n = -148. Let c = 61 - n. Let z(b) = b**3 - 7*b**2 + 9. What is the remainder when c is divided by z(7)?
6
Suppose -22*j + 29*j - 175 = 0. Suppose 4*d = 176 + 428. Suppose d = 2*t + 31. What is the remainder when t is divided by j?
10
Let c(d) = 110*d + 2205. Suppose 3*m = -5*w + 37, 3*m + 2 = -1. Calculate the remainder when w is divided by c(-20).
3
Let v(y) = -2*y + 196. What is the remainder when 1806 is divided by v(94)?
6
Calculate the remainder when 252 is divided by ((-65)/(-26))/(8/224).
42
Let w(t) = 10*t + 120. Let k(z) = z + 1. Let m(p) = 2*k(p) + w(p). Calculate the remainder when m(6) is divided by 15.
14
Suppose -s - 2*r + 16 = 0, -21*s + 22*s - 2*r = 0. Let m(v) = v**2 + 9*v - 6. Let f be m(-9). Let x = f + 18. Calculate the remainder when x is divided by s.
4
Suppose i - 4*z - z = -24, 0 = -3*i + 5*z + 18. Calculate the remainder when 393 is divided by i.
15
Suppose -2*s = 2*s + 296. Let q = s + 114. What is the remainder when q is divided by 19 - ((-16)/7 + (-16)/(-56))?
19
Let t(y) = 5*y**2 + 7*y + 6. Let r(g) = 3*g**3 - 5 - 4*g**3 - 3 + 13 + 9*g - 7*g**2. Let w be r(-8). Calculate the remainder when t(w) is divided by 8.
6
Let p = 3710 + -2975. Calculate the remainder when p is divided by 91.
7
Let c = -97 - -108. Suppose 3*n - 2*n - c = 0. Suppose -n*v - 60 = -17*v. What is the remainder when 19 is divided by v?
9
Let b(c) = -c**2 - 4*c + 433. What is the remainder when b(-18) is divided by 13?
12
Let g = -3383 - -3452. Calculate the remainder when g is divided by 10.
9
Suppose 37*s - 4512 = -9*s - s. Calculate the remainder when 103 is divided by s.
7
Suppose -222*r = 113*r - 21832 - 26743. Calculate the remainder when 1440 is divided by r.
135
Let h = -24 - -24. Suppose h = -3*x + 15, 0*g - 4*x - 12 = 2*g. What is the remainder when (8/g)/(1/(-42)) is divided by 12?
9
Suppose 2*f = -5*r + 8, 5*f = -2*r + 8 + 12. Suppose -248 = -3*l - 5*t, f*l + 0*l = -5*t + 324. What is the remainder when l is divided by 20?
16
Suppose -85*o + 315*o + 3116 - 12776 = 0. Let v = -107 + -222. Let c = v - -495. Calculate the remainder when c is divided by o.
40
Let p = -46571 - -46583. Suppose 8 + 744 = 4*d. What is the remainder when d is divided by p?
8
Let s(j) = 8*j + 664. Calculate the remainder when s(-37) is divided by 8.
0
Let f = 8866 + -8722. What is the remainder when 328 is divided by f?
40
Let t(c) = 5*c**2 - 4. Let o(u) = 11*u**2 - u - 8. Let a(w) = -3*o(w) + 7*t(w). What is the remainder when 18 is divided by a(2)?
8
Let r(v) = v**3 + 3*v**2 - 2*v - 2. Let a be r(-3). Calculate the remainder when 135 is divided by ((-108)/(-63))/(a/14).
3
Let i be 1/(-2) + (-99)/22. Let s(j) be the first derivative of j**4/4 + 4*j**3/3 - 5*j**2/2 + 2*j - 28. What is the remainder when 11 is divided by s(i)?
1
Let f(q) = 179*q + 8. Let x be -2*(18/(-4) + 4). Let c be f(x). Suppose 11*h + c = 693. What is the remainder when 320 is divided by h?
44
Calculate the remainder when 933 is divided by ((-270)/(-210))/((-2)/(-28)).
15
Suppose -6 = -2*d + 4*k, 4*k - 3 = 4*d - 5*d. Suppose -4*i + 5*l + 88 = 9*l, d*l = 2*i - 39. What is the remainder when 249 is divided by i?
18
Let a = -6432 + 7742. What is the remainder when a is divided by 15?
5
Let x = 165774 - 165680. Calculate the remainder when (-1)/((-1)/742*2) is divided by x.
89
Suppose -5*z - 1834 = -4*a, -5*a + 44*z - 41*z = -2312. Calculate the remainder when a is divided by 97.
78
Let w(u) = -7*u - 13. Let q be w(-4). Suppose -q*t + 205 = -10*t. Let f(s) = -s**2 + 10*s - 2. What is the remainder when t is divided by f(4)?
19
Let d(j) = -2*j - 49. Let m be d(-27). Calculate the remainder when 29 is divided by 4 + -1 + 0 - (-12 - m).
9
Suppose 0 = -z - 25 + 84. Let p = -48 + z. Suppose -2*s + 154 = 2*r, -78 = -r - 2*s - 0*s. Calculate the remainder when r is divided by p.
10
Suppose -5*f = 4*h - 622, 0*f = -4*f - 3*h + 498. What is the remainder when f is divided by 35?
21
Let n(q) = -5277*q - 73812. Suppose -5*t + t = -16. Suppose 0*u - 29 = -u - t*d, 4*u = 5*d + 53. Calculate the remainder when n(-14) is divided by u.
15
Suppose -3*d + 35258 = 2*z, 149*z = 153*z - 2*d - 70468. What is the remainder when z is divided by 18?
16
Let u = -729 - -877. Suppose -u = -6*x + 260. Calculate the remainder when 813 is divided by x.
65
Let h be (3/(-6))/(1/12). Let q 